 m?
17
Suppose 0 = -2*n + o - 2*o + 107, -160 = -3*n - 2*o. What are the prime factors of n?
2, 3
Let p be (-3)/(-3)*(-7)/(-1). Suppose p = 3*z - 5. List the prime factors of z.
2
Let v(s) = -s**3 + 4*s**2 + s + 3. Let k be 3 + -2 - 0/2. Suppose k + 11 = 3*c. What are the prime factors of v(c)?
7
Let u(b) be the second derivative of b**5/20 - b**4/12 - 2*b**2 - 3*b. Let w be u(0). Let o(m) = -m + 5. What are the prime factors of o(w)?
3
List the prime factors of (4 - -11)*(-7)/(-3).
5, 7
List the prime factors of (-1)/((-495)/123 + 4).
41
Suppose 0*k - 13 = -k - 2*r, -2*r = -2. What are the prime factors of k?
11
What are the prime factors of (-4537)/39*(1 - 4)?
349
List the prime factors of (8/12*12)/2.
2
Let q = 199 + -129. What are the prime factors of q?
2, 5, 7
Suppose 3*g = -o + 5 - 0, 20 = 4*o. Suppose 0*b - 2*b - 23 = 5*x, -4*b - 6 = 2*x. List the prime factors of b - ((g - 8) + -3).
2, 3
Let h be 54/10 - 2/5. Suppose 2*a + 39 = h*a. What are the prime factors of a?
13
Let a(l) be the third derivative of 0 - l**2 + 0*l + 1/24*l**4 + 1/6*l**3 + 1/60*l**5. What are the prime factors of a(2)?
7
Suppose -t - n + 27 = 0, 0 = 2*n - 7*n - 10. Let z = t - -5. List the prime factors of z.
2, 17
Let r(t) = -t**2 + 2*t + 7. Let n be r(12). Let f = 170 + n. List the prime factors of f.
3, 19
Suppose -2*z = 5 - 3. Let l = 64 - 63. List the prime factors of (3 - (l + z)) + 14.
17
Let f(i) be the first derivative of 4*i**2 - 6*i - 1/3*i**3 - 1. List the prime factors of f(6).
2, 3
Suppose -2*z = -251 - 31. List the prime factors of z.
3, 47
Let u be ((-75)/10)/((-1)/6). Let f = u - 20. What are the prime factors of f?
5
Suppose 3*a + 5*w + 8 = 23, a + 2*w - 5 = 0. Suppose -14 = a*v - r - 80, 2*r - 37 = -3*v. List the prime factors of v.
13
Let c be -3 - -4 - 10/(-2). Suppose -2*f - c = -4*f. Suppose 4*q = 5*r + 3, 5*q + f*r - 12 = r. What are the prime factors of q?
2
Let a be 1 - (-2 - -1)*1. Suppose -4*w = -3*c - 7, -5*w + 21 = 3*c - a*w. Suppose 2*n + 5*r = 0, -c*n + 5*r = -2*n - 30. What are the prime factors of n?
2, 5
Let x be (4 - 2)/(4 + -5). Let j(a) = 1 + 5*a + 4*a**2 - a - 6*a. List the prime factors of j(x).
3, 7
Suppose -3*b - 2*u - 1 = 0, 0*b + 5*u + 16 = -3*b. Suppose -87 = -5*p - m, 6*m = -b*p + 2*m + 42. List the prime factors of p.
2, 3
Let a(k) = 2*k**3 - 2*k**2 + 2*k - 1. Let r = -3 - -4. Let c be a(r). List the prime factors of -8*(0 - c)*1.
2
Suppose -l = 3*h - 35, 2*l - h = 2*h + 61. List the prime factors of l.
2
What are the prime factors of ((-68)/16)/((-1)/16)?
2, 17
Let w be 1*((-2)/1 + 3). Let l = -1 + w. Suppose 32 = -m + 6*m + 2*v, 2*v - 2 = l. List the prime factors of m.
2, 3
Suppose 2*c - 77 = -1. Let j = c - 12. List the prime factors of j.
2, 13
Let v(k) = -99*k**3 - k**2 - 2*k - 1. List the prime factors of v(-1).
3, 11
Let d = 161 - -7. Suppose -4*u = 5*y - y - d, -3*u + 3*y = -138. What are the prime factors of u?
2, 11
Let g = 100 - -35. List the prime factors of g.
3, 5
Let l be (6 - 0)*(-90)/(-12). Suppose -5*o + 10 + l = 0. What are the prime factors of o?
11
Let c(d) = d**2 - 4*d + 3. Let g be c(4). Suppose -4*p = -3*r - 11, -p + g - 6 = 5*r. What are the prime factors of (15/6 + p)*2?
3
Let f = -13 + 13. Suppose f*n + m = n - 39, 5*n - 188 = -2*m. What are the prime factors of n?
2, 19
Let f(n) = 0*n**3 - 3*n**3 + 2*n**3 - 13*n + 3 - 7 - 8*n**2. What are the prime factors of f(-6)?
2
List the prime factors of (-44)/(-198) + (-1688)/(-18).
2, 47
Let s = 4 + 0. Suppose 54 = s*v - 18. List the prime factors of v.
2, 3
Suppose -22 = -2*q - 2*c, -3*q = -0*q - 3*c - 21. Suppose -4*d = 1 - q. Suppose -32 = -d*u - 2*u + 4*w, -4*u - 5*w = -32. What are the prime factors of u?
2
Let b be (3/3)/(-1) - 1. What are the prime factors of (-2)/(b + (-3)/(-2))?
2
Suppose 0 = 3*r - 8*r + 80. List the prime factors of (-3)/(-12) + 124/r.
2
List the prime factors of 4*2*15/2.
2, 3, 5
Let d(z) = z**2 + 3*z - 1. Let q be d(-4). Let m = 6 + -8. List the prime factors of 6*-1*m/q.
2
Let k(q) = -4*q - 12. List the prime factors of k(-10).
2, 7
Let s be -12*(10/(-3))/(-5). Let w = s - -12. Suppose 4*k - 4*z = 4, 5*k = w*z - 4 + 11. What are the prime factors of k?
3
Let m be (-1830)/42 - 4/(-7). Let x = 81 + m. What are the prime factors of x?
2, 19
Suppose -3*d - 4*i + 5 = 0, -20 = -5*d + 5*i - 0. Let w(j) = -d - 4*j**3 - 3 + 5*j**3 + 7*j - 6*j**2. List the prime factors of w(5).
2
Let m be ((-3)/12)/(2/(-24)). Suppose m*y - 5*s = 1 + 6, y - 5 = 3*s. List the prime factors of (4 + -3)/(y/(-17)).
17
Suppose 2*r = -2*r + 92. What are the prime factors of r?
23
Suppose -5*y = -5*x + 90, 7*x - 6 = y + 3*x. Let a = y + 32. List the prime factors of a.
2, 5
Let g(z) = 3*z + 8. List the prime factors of g(8).
2
Let g(y) = -y**3 + y**2 + y + 2. Let s be g(0). Let j(r) = -2 + 2*r - 4 - s. What are the prime factors of j(6)?
2
Let c = -49 + 87. List the prime factors of c.
2, 19
Let h(x) = 1. Let z(v) = -7*v**2 + 7*v + 2. Let i(m) = m**2 - m. Let l(o) = -6*i(o) - z(o). Let b(j) = 6*h(j) - l(j). List the prime factors of b(0).
2
Let w = -24 - -52. What are the prime factors of w?
2, 7
Let k = 53 + -122. Let q = -28 - k. What are the prime factors of q?
41
Suppose 0*v + 30 = 5*v. Let t be (-51)/(-6) - 2/4. Let w = t - v. List the prime factors of w.
2
Let g be (-2)/(2 + (-19)/9). What are the prime factors of (-1 + g)*(3 + -2)?
17
Let j(y) = y**2 - y + 4. Let x be j(0). List the prime factors of 1/(-2)*(x - 26).
11
Suppose 125 = -2*w + 5*g, -2*w - g = -2*g + 121. Let j = w + 111. Let v = j - 36. What are the prime factors of v?
3, 5
Suppose 0*w + 2*w + 5*d = -207, 450 = -5*w + d. Let g = -64 - w. List the prime factors of g.
3
Suppose 2*y = -3*f + 118, -5*f - y + 192 = -0*f. What are the prime factors of f?
2, 19
Let c be -2*(-3)/(-6) - 8. Let k = c + 6. Let y = k + 7. What are the prime factors of y?
2
Let g = -13 + 18. Suppose 0*u - g*u + 10 = 0. List the prime factors of u.
2
Suppose -2*r - 25 = -r. Let f = r + 53. List the prime factors of f.
2, 7
Let n = 2 + -4. List the prime factors of (7 + 13)*(-1)/n.
2, 5
Let t = 3 - -2. Suppose t*g + 14 = 224. What are the prime factors of g?
2, 3, 7
Let y(r) = -3*r**2 + 4*r - 7. Let n(f) = -f**2 - 1. Let k(s) = 4*n(s) - y(s). What are the prime factors of k(-4)?
3
Suppose -5*a + 4*z = 8, -11 = 4*z + 1. What are the prime factors of (-50)/(-4) - (-2)/a?
2, 3
Let h(s) = 2*s**2 + 2*s - 3. List the prime factors of h(4).
37
Let y(h) = -h**3 - 4*h**2 - h + 4. Let c be y(-3). Let w = 10 + c. Suppose m = 5*r - 10, 2*r - 4*m = -22 + w. List the prime factors of r.
3
List the prime factors of (-1)/2 - (-423)/6.
2, 5, 7
Let i = 2 - 2. Suppose 3*f + 0*f - 9 = i. Suppose f*l - 5 = 2*l. What are the prime factors of l?
5
Suppose -5*x + 254 + 361 = 0. List the prime factors of x.
3, 41
Suppose -3*g - x + 580 = -0*g, 5*g - 5*x - 960 = 0. What are the prime factors of g?
193
Let u(p) = -6*p + 34. What are the prime factors of u(-3)?
2, 13
Suppose 82 = 4*c - 2. What are the prime factors of c?
3, 7
Let t(j) be the second derivative of 2*j**3/3 - j**2/2 - 2*j. Let f be -1 - (0 + -1) - -1. What are the prime factors of t(f)?
3
Let c = -9 - -26. Let h = c + -8. Suppose -2*d + h = -d. List the prime factors of d.
3
Let c(v) = -v**3 - 7*v**2 + v + 3. Let u be c(-7). Let p(a) = 10*a + 6. Let q be p(u). Let f = -20 - q. List the prime factors of f.
2, 7
Let o(s) = 61*s**2 - s. Let g be o(1). Suppose -4*d - g = -9*d. List the prime factors of d.
2, 3
List the prime factors of -6 + 8 + (-220)/(-2).
2, 7
Let h(a) = -7*a**2 + 5*a - 3. Let p(d) = 3*d**2 - 3*d + 2. Let j(z) = -2*h(z) - 5*p(z). Let l be j(4). Suppose 4*n + l*n = 12. List the prime factors of n.
3
Let m(s) = 3*s**2 + s - 1. Let r be ((-6)/9)/((-4)/6). Let t be m(r). Suppose -2*c - t*c - a + 45 = 0, 0 = 4*a. List the prime factors of c.
3
Suppose 10*c - 430 = -5*f + 5*c, 95 = f + 4*c. List the prime factors of f.
83
Let a = -3 - 0. List the prime factors of 25*(3 + -6)/a.
5
Suppose 0 = -4*a + 9*a - 10. Suppose -f - a*f = -36. What are the prime factors of f?
2, 3
What are the prime factors of 9424/247 + (-2)/13?
2, 19
Suppose 3*l - 152 = -4*t, 5*t + l - 190 = -l. List the prime factors of t.
2, 19
Let t(x) = 4*x - 1. Let f be t(-3). Let l = 20 + -28. Let h = 